841?
4
What is the hundreds digit of 3773?
7
What is the hundreds digit of 6447?
4
What is the tens digit of 1565?
6
What is the hundreds digit of 2118?
1
What is the tens digit of 10168?
6
What is the units digit of 21147?
7
What is the units digit of 894?
4
What is the units digit of 752?
2
What is the tens digit of 6146?
4
What is the tens digit of 760?
6
What is the units digit of 37250?
0
What is the units digit of 10877?
7
What is the tens digit of 3166?
6
What is the thousands digit of 3435?
3
What is the units digit of 66664?
4
What is the units digit of 1480?
0
What is the thousands digit of 9562?
9
What is the thousands digit of 92203?
2
What is the hundreds digit of 3652?
6
What is the thousands digit of 4278?
4
What is the ten thousands digit of 20500?
2
What is the tens digit of 20536?
3
What is the hundreds digit of 76512?
5
What is the units digit of 44664?
4
What is the tens digit of 983?
8
What is the hundreds digit of 26236?
2
What is the hundreds digit of 5791?
7
What is the units digit of 1621?
1
What is the hundreds digit of 1516?
5
What is the tens digit of 591?
9
What is the units digit of 8516?
6
What is the units digit of 12931?
1
What is the thousands digit of 1321?
1
What is the thousands digit of 1218?
1
What is the thousands digit of 3013?
3
What is the units digit of 59043?
3
What is the units digit of 2805?
5
What is the ten thousands digit of 10051?
1
What is the thousands digit of 1504?
1
What is the tens digit of 13795?
9
What is the units digit of 4446?
6
What is the units digit of 4870?
0
What is the hundreds digit of 18052?
0
What is the units digit of 48484?
4
What is the thousands digit of 1526?
1
What is the tens digit of 582?
8
What is the units digit of 1328?
8
What is the thousands digit of 3683?
3
What is the thousands digit of 6643?
6
What is the units digit of 9931?
1
What is the units digit of 2062?
2
What is the units digit of 74394?
4
What is the ten thousands digit of 30340?
3
What is the hundreds digit of 4813?
8
What is the units digit of 341?
1
What is the tens digit of 36603?
0
What is the hundreds digit of 5063?
0
What is the units digit of 632?
2
What is the units digit of 977?
7
What is the units digit of 1899?
9
What is the tens digit of 807?
0
What is the units digit of 6643?
3
What is the tens digit of 255?
5
What is the tens digit of 1178?
7
What is the units digit of 43102?
2
What is the hundreds digit of 67409?
4
What is the units digit of 10347?
7
What is the hundreds digit of 828?
8
What is the thousands digit of 5391?
5
What is the hundreds digit of 1039?
0
What is the hundred thousands digit of 156388?
1
What is the thousands digit of 38436?
8
What is the tens digit of 608?
0
What is the tens digit of 5781?
8
What is the tens digit of 2231?
3
What is the tens digit of 20324?
2
What is the hundreds digit of 4264?
2
What is the tens digit of 96671?
7
What is the thousands digit of 3316?
3
What is the thousands digit of 4279?
4
What is the units digit of 108937?
7
What is the tens digit of 456?
5
What is the ten thousands digit of 111100?
1
What is the hundreds digit of 2165?
1
What is the thousands digit of 2311?
2
What is the units digit of 10602?
2
What is the hundreds digit of 168?
1
What is the tens digit of 2598?
9
What is the thousands digit of 140618?
0
What is the tens digit of 1672?
7
What is the tens digit of 80?
8
What is the hundreds digit of 164?
1
What is the thousands digit of 1676?
1
What is the units digit of 13196?
6
What is the units digit of 4187?
7
What is the thousands digit of 1970?
1
What is the tens digit of 1028?
2
What is the hundreds digit of 506?
5
What is the thousands digit of 3441?
3
What is the hundreds digit of 7010?
0
What is the units digit of 86244?
4
What is the units digit of 45883?
3
What is the units digit of 13452?
2
What is the units digit of 49588?
8
What is the hundreds digit of 1207?
2
What is the tens digit of 2591?
9
What is the ten thousands digit of 21042?
2
What is the hundreds digit of 9066?
0
What is the tens digit of 4242?
4
What is the tens digit of 4311?
1
What is the ten thousands digit of 123687?
2
What is the thousands digit of 1068?
1
What is the thousands digit of 4427?
4
What is the ten thousands digit of 11428?
1
What is the thousands digit of 1382?
1
What is the units digit of 2718?
8
What is the hundred thousands digit of 140782?
1
What is the thousands digit of 1077?
1
What is the units digit of 1118?
8
What is the units digit of 9406?
6
What is the thousands digit of 10974?
0
What is the units digit of 1720?
0
What is the thousands digit of 143838?
3
What is the ten thousands digit of 11910?
1
What is the thousands digit of 2572?
2
What is the units digit of 15913?
3
What is the units digit of 854?
4
What is the thousands digit of 13534?
3
What is the units digit of 609?
9
What is the hundreds digit of 1830?
8
What is the tens digit of 477?
7
What is the units digit of 7424?
4
What is the units digit of 1093?
3
What is the thousands digit of 97156?
7
What is the tens digit of 78?
7
What is the ten thousands digit of 33150?
3
What is the thousands digit of 10162?
0
What is the tens digit of 22109?
0
What is the thousands digit of 38609?
8
What is the units digit of 40711?
1
What is the hundreds digit of 1909?
9
What is the hundreds digit of 12183?
1
What is the hundreds digit of 6584?
5
What is the hundreds digit of 625?
6
What is the thousands digit of 8927?
8
What is the hundreds digit of 3504?
5
What is the thousands digit of 10425?
0
What is the ten thousands digit of 139582?
3
What is the units digit of 860?
0
What is the tens digit of 16655?
5
What is the thousands digit of 4012?
4
What is the units digit of 4264?
4
What is the tens digit of 60197?
9
What is the units digit of 8987?
7
What is the tens digit of 1324?
2
What is the hundreds digit of 665?
6
What is the tens digit of 1332?
3
What is the thousands digit of 20171?
0
What is the hundred thousands digit of 105576?
1
What is the hundreds digit of 685?
6
What is the ten thousands digit of 10183?
1
What is the units digit of 133855?
5
What is the tens digit of 4726?
2
What is the tens digit of 7312?
1
What is the hundreds digit of 291?
2
What is the tens digit of 19329?
2
What is the units digit of 1544?
4
What is the tens digit of 3570?
7
What is the units digit of 5246?
6
What is the thousands digit of 34179?
4
What is the thousands digit of 3547?
3
What is the tens digit of 49623?
2
What is the hundreds digit of 8923?
9
What is the tens digit of 16712?
1
What is the thousands digit of 10163?
0
What is the units digit of 3128?
8
What is the tens digit of 936?
3
What is the hundred thousands digit of 131920?
1
What is the units digit of 1314?
4
What is the thousands digit of 4451?
4
What is the units digit of 10946?
6
What is the thousands digit of 9815?
9
What is the tens digit of 25377?
7
What is the tens digit of 1547?
4
What is the thousands digit of 107673?
7
What is the hundreds digit of 784?
7
What is the ten thousands digit of 32326?
3
What is the ten thousands digit of 17510?
1
What is the units digit of 15882?
2
What is the tens digit of 2259?
5
What is the ten thousands digit of 26091?
2
What is the thousands digit of 1555?
1
What is the units digit of 9849?
9
What is the tens digit of 10372?
7
What is the thousands digit of 70304?
0
What is the hundreds digit of 10077?
0
What is the hundreds digit of 821?
8
What is the hundreds digit of 19614?
6
What is the tens digit of 648?
4
What is the units digit of 637?
7
What is the tens digit of 133?
3
What is the thousands digit of 5753?
5
What is the units digit of 1122?
2
What is the tens digit of 1341?
4
What is the hundreds digit of 2913?
9
What is the units digit of 5547?
7
What is the tens digit of 2167?
6
What is the thousands digit of 34260?
4
What is the ten thousands digit of 79714?
7
What is the units digit of 10623?
3
What is the units digit of 1145?
5
What is the units digit of 3069?
9
What is the hundreds digit of 1031?
0
What is the ten thousands digit of 39011?
3
What is the units digit of 38043?
3
What is the tens digit of 12585?
8
What is the hundreds digit of 36198?
1
What is the units digit of 58606?
6
What is the hundreds digit of 80541?
5
What is the units digit of 203185